{"id":2611,"date":"2019-02-20T16:21:11","date_gmt":"2019-02-20T15:21:11","guid":{"rendered":"http:\/\/itsra.net\/wordpress\/?page_id=2611"},"modified":"2022-10-26T14:19:12","modified_gmt":"2022-10-26T12:19:12","slug":"faire-un-stage-a-letranger","status":"publish","type":"page","link":"https:\/\/itsra.net\/wordpress\/faire-un-stage-a-letranger\/","title":{"rendered":"Faire un stage \u00e0 l&rsquo;\u00e9tranger"},"content":{"rendered":"<div  data-id=\"initial-content-section\" data-export-id=\"initial-content-section\" data-label=\"Initial Content\" id=\"initial-content-section\" class=\"content-section content-section-spacing\">\n   <div  class=\"gridContainer\">\n     <div  class=\"row\">\n\n        <div  class=\"col-xs-12 col-sm-12\">                <h3  style=\"text-align: center;\"><span  style=\"color: #ff6600;\"><strong >Vous souhaitez vivre l\u2019exp\u00e9rience du voyage pendant vos \u00e9tudes ?<\/strong><\/span><\/h3>\n<p >&nbsp;<\/p>\n<p  style=\"text-align: justify;\">Plusieurs possibilit\u00e9s s\u2019offrent \u00e0 vous dans le cadre de projets individuels ou de groupe&nbsp;:<\/p>\n<ul  style=\"text-align: justify;\">\n<li ><strong >Les mobilit\u00e9s individuelles <\/strong>: stages et\/ou p\u00e9riodes de cours \u00e0 l\u2019\u00e9tranger ou en dehors du territoire fran\u00e7ais m\u00e9tropolitain.<\/li>\n<li ><strong >Les mobilit\u00e9s de groupe <\/strong>: voyages d\u2019\u00e9tudes th\u00e9matiques.<\/li>\n<\/ul>\n<p >&nbsp;<\/p>\n<h4  style=\"text-align: justify;\"><span  style=\"color: #ff6600;\"><strong >Les mobilit\u00e9s individuelles&nbsp;: stages et\/ou p\u00e9riodes de cours \u00e0 l\u2019\u00e9tranger ou en dehors du territoire fran\u00e7ais m\u00e9tropolitain <\/strong><\/span><\/h4>\n<p  style=\"text-align: justify;\">L\u2019ITSRA encourage et accompagne les \u00e9tudiants \u00e0 vivre une exp\u00e9rience de stage et\/ou d\u2019\u00e9tudes \u00e0 l\u2019\u00e9tranger ou en dehors du territoire fran\u00e7ais m\u00e9tropolitain. Pour cela&nbsp;:<\/p>\n<p  style=\"text-align: justify;\"><strong >L\u2019ITSRA pr\u00e9pare les \u00e9tudiants \u00e0 la mobilit\u00e9<\/strong>. Tous les \u00e9tudiants b\u00e9n\u00e9ficient d\u2019un accompagnement individuel et collectif de pr\u00e9paration au d\u00e9part&nbsp;(recherche de terrains de stage, d\u00e9marches administratives, financements, mise en r\u00e9seau entre \u00e9tudiants, assurances, etc.)<\/p>\n<p  style=\"text-align: justify;\"><strong >L\u2019ITSRA accompagne les \u00e9tudiants pendant leur p\u00e9riode de mobilit\u00e9<\/strong> par des contacts r\u00e9guliers \u00e0 distance avec leurs formateurs et quand c\u2019est possible, par le soutien de partenaires institutionnels sur place.\n<br ><br ><span style=\"font-weight: 700;\" >Exemple de pays ou de r\u00e9gions du Monde dans lesquels nos \u00e9tudiants partent :<\/span><br >\n\u2022\tD\u00e9partements et territoires Outre-marins : La R\u00e9union, Mayotte, Martinique, etc.<br >\n\u2022\tAm\u00e9rique latine : Chili, Mexique, P\u00e9rou, etc.<br >\n\u2022\tAm\u00e9rique du Nord : Qu\u00e9bec.<br >\n\u2022\tEurope : Allemagne, Italie, Espagne, Suisse, Belgique, Bosnie, Roumanie, etc.<br >\n\u2022\tAsie : Philippines, Cambodge, etc.<br >\n\u2022\tAfrique : S\u00e9n\u00e9gal, Maroc, Madagascar, Burkina Faso, etc.<\/p>\n<p  style=\"text-align: justify;\"><strong >L\u2019ITSRA accueille les \u00e9tudiants \u00e0 leur retour de mobilit\u00e9<\/strong>. Tous les \u00e9tudiants b\u00e9n\u00e9ficient d\u2019un accueil personnalis\u00e9. Ils ont la possibilit\u00e9 de participer \u00e0 des soir\u00e9es de d\u00e9briefing et proposent des restitutions \u00e0 leurs coll\u00e8gues de promotion rest\u00e9s en France pendant leur p\u00e9riode de mobilit\u00e9.<\/p>\n<p  style=\"text-align: justify;\"><strong >&nbsp;L\u2019ITSRA assure la pleine reconnaissance des activit\u00e9s r\u00e9alis\u00e9es<\/strong> de mani\u00e8re satisfaisante par ses \u00e9tudiants dans le cadre de leur mobilit\u00e9.<\/p>\n<p  style=\"text-align: justify;\"><strong >L\u2019ITSRA aide les \u00e9tudiants dipl\u00f4m\u00e9s \u00e0 prolonger l\u2019exp\u00e9rience de l\u2019expatriation apr\u00e8s leur formation<\/strong> en mettant en place un r\u00e9seau d\u2019anciens \u00e9tudiants expatri\u00e9s qui s\u2019entraident.<\/p>\n<p  style=\"text-align: justify;\"><strong >Exemple de pays ou de r\u00e9gions du Monde dans lesquels nos \u00e9tudiants partent&nbsp;:<\/strong><\/p>\n<ul  style=\"text-align: justify;\">\n<li ><strong >D\u00e9partements et territoires Outre-marins<\/strong>&nbsp;: La R\u00e9union, Mayotte, Martinique, etc.<\/li>\n<li ><strong >Am\u00e9rique latine<\/strong>&nbsp;: Uruguay, Chili, Mexique, etc.<\/li>\n<li ><strong >Am\u00e9rique du Nord&nbsp;<\/strong>: Qu\u00e9bec.<\/li>\n<li ><strong >Europe<\/strong>&nbsp;: Allemagne, Italie, Espagne, Suisse, Belgique, Bosnie, Roumanie, etc.<\/li>\n<li ><strong >Asie<\/strong>&nbsp;: Philippines, Cambodge, etc.<\/li>\n<li ><strong >Afrique<\/strong>&nbsp;: Maroc, Madagascar, Burkina Faso, etc.<\/li>\n<\/ul>\n<p  style=\"text-align: justify;\">L\u2019ITSRA s\u2019engage \u00e0 respecter un principe de non-discrimination et d\u2019\u00e9galit\u00e9 d\u2019acc\u00e8s aux participants mobiles de tous horizons.<br >\n<a  href=\"https:\/\/itsra.net\/wordpress\/wp-content\/uploads\/2019\/02\/engagement.pdf\" class=\"\" data-cp-link=\"1\">L\u2019engagement de l\u2019ITSRA.<\/a><\/p>\n<p >&nbsp;<\/p>\n<h4  style=\"text-align: justify;\"><\/h4>\n<p  style=\"text-align: justify;\"><\/p>\n<p  style=\"text-align: justify;\"><\/p>\n<p  style=\"text-align: justify;\"><\/p>\n<p  style=\"text-align: justify;\"><\/p><\/div>\n      <\/div>\n  <\/div>\n<\/div><div  data-label=\"Clients\" data-id=\"clients--1\" data-export-id=\"clients-2\" data-category=\"clients\" class=\"clients-2 content-section content-section-spacing\" id=\"clients-1\" style=\"background-color: rgb(255, 255, 255); background-image: none;\"><div  class=\"gridContainer\"> <div  class=\"row\"><div  class=\"section-title-col\" data-type=\"column\">  <\/div> <\/div> <div  class=\"row center-xs spaced-cols padding-lr\" data-type=\"row\">  <div  class=\"col-xs-6 col-sm-3\"><img decoding=\"async\"  class=\"custom-image\" src=\"https:\/\/itsra.net\/wordpress\/wp-content\/uploads\/2021\/12\/cropped-logo-elisse-2-e1638451889807.jpg\" alt=\"\" title=\"cropped-logo-elisse-2-e1638451889807.jpg\"> <\/div> <div  class=\"col-xs-6 col-sm-3\"> <img decoding=\"async\"  src=\"https:\/\/itsra.net\/wordpress\/wp-content\/uploads\/2018\/10\/cropped-erasmus-7.png\" class=\"\" alt=\"\" title=\"cropped-erasmus-7.png\"><\/div>  <\/div><\/div> <\/div><div  data-label=\"Features\" data-id=\"features--1\" data-export-id=\"features-12\" data-category=\"features\" class=\"features-12 content-section content-section-spacing\" id=\"features-1\" style=\"background-color: rgb(255, 255, 255); background-image: none;\"><div  class=\"gridContainer\"> <div  class=\"row text-center\"><div  class=\"section-title-col\" data-type=\"column\">  <\/div> <\/div> <div  class=\"row spaced-cols\" data-type=\"row\"> <div  class=\"col-sm-6 col-md-12 \"> <div  class=\"row space-bottom\"> <div  class=\"col-sm-fit icon-column\" data-preview-empty=\"1\">  <\/div> <div  class=\"col-sm\" data-type=\"column\">  <p  class=\"\" style=\"text-align: justify;\"><\/p><\/div> <\/div><\/div>    <\/div><\/div> <\/div>","protected":false},"excerpt":{"rendered":"<p>Vous souhaitez vivre l\u2019exp\u00e9rience du voyage pendant vos \u00e9tudes ? &nbsp; Plusieurs possibilit\u00e9s s\u2019offrent \u00e0 vous dans le cadre de projets individuels ou de groupe&nbsp;: Les mobilit\u00e9s individuelles : stages et\/ou p\u00e9riodes de cours \u00e0 l\u2019\u00e9tranger ou en dehors du territoire fran\u00e7ais m\u00e9tropolitain. Les mobilit\u00e9s de groupe : voyages d\u2019\u00e9tudes th\u00e9matiques. &nbsp; Les mobilit\u00e9s individuelles&nbsp;:&hellip; <br \/> <a class=\"read-more\" href=\"https:\/\/itsra.net\/wordpress\/faire-un-stage-a-letranger\/\">Lire la suite<\/a><\/p>\n","protected":false},"author":3,"featured_media":0,"parent":0,"menu_order":0,"comment_status":"closed","ping_status":"closed","template":"pro\/page-templates\/full-width-page.php","meta":{"om_disable_all_campaigns":false,"_monsterinsights_skip_tracking":false,"_monsterinsights_sitenote_active":false,"_monsterinsights_sitenote_note":"","_monsterinsights_sitenote_category":0,"_uf_show_specific_survey":0,"_uf_disable_surveys":false,"footnotes":""},"class_list":["post-2611","page","type-page","status-publish","hentry"],"aioseo_notices":[],"yoast_head":"<!-- This site is optimized with the Yoast SEO plugin v24.5 - https:\/\/yoast.com\/wordpress\/plugins\/seo\/ -->\n<title>Faire un stage \u00e0 l&#039;\u00e9tranger - Institut de Travail Social de la R\u00e9gion Auvergne<\/title>\n<meta name=\"description\" content=\"L\u2019ITSRA encourage et accompagne les \u00e9tudiants \u00e0 vivre une exp\u00e9rience de stage et\/ou d\u2019\u00e9tudes \u00e0 l\u2019\u00e9tranger ou en dehors du territoire fran\u00e7ais m\u00e9tropolitain.\" \/>\n<meta name=\"robots\" content=\"index, follow, max-snippet:-1, max-image-preview:large, max-video-preview:-1\" \/>\n<link rel=\"canonical\" href=\"https:\/\/itsra.net\/wordpress\/faire-un-stage-a-letranger\/\" \/>\n<meta property=\"og:locale\" content=\"fr_FR\" \/>\n<meta property=\"og:type\" content=\"article\" \/>\n<meta property=\"og:title\" content=\"Faire un stage \u00e0 l&#039;\u00e9tranger - Institut de Travail Social de la R\u00e9gion Auvergne\" \/>\n<meta property=\"og:description\" content=\"L\u2019ITSRA encourage et accompagne les \u00e9tudiants \u00e0 vivre une exp\u00e9rience de stage et\/ou d\u2019\u00e9tudes \u00e0 l\u2019\u00e9tranger ou en dehors du territoire fran\u00e7ais m\u00e9tropolitain.\" \/>\n<meta property=\"og:url\" content=\"https:\/\/itsra.net\/wordpress\/faire-un-stage-a-letranger\/\" \/>\n<meta property=\"og:site_name\" content=\"Institut de Travail Social de la R\u00e9gion Auvergne\" \/>\n<meta property=\"article:modified_time\" content=\"2022-10-26T12:19:12+00:00\" \/>\n<meta property=\"og:image\" content=\"http:\/\/itsra.net\/wordpress\/wp-content\/uploads\/2021\/12\/cropped-logo-elisse-2-e1638451889807.jpg\" \/>\n<meta name=\"twitter:card\" content=\"summary_large_image\" \/>\n<meta name=\"twitter:label1\" content=\"Dur\u00e9e de lecture estim\u00e9e\" \/>\n\t<meta name=\"twitter:data1\" content=\"2 minutes\" \/>\n<script type=\"application\/ld+json\" class=\"yoast-schema-graph\">{\"@context\":\"https:\/\/schema.org\",\"@graph\":[{\"@type\":\"WebPage\",\"@id\":\"https:\/\/itsra.net\/wordpress\/faire-un-stage-a-letranger\/\",\"url\":\"https:\/\/itsra.net\/wordpress\/faire-un-stage-a-letranger\/\",\"name\":\"Faire un stage \u00e0 l'\u00e9tranger - Institut de Travail Social de la R\u00e9gion Auvergne\",\"isPartOf\":{\"@id\":\"https:\/\/itsra.net\/wordpress\/#website\"},\"primaryImageOfPage\":{\"@id\":\"https:\/\/itsra.net\/wordpress\/faire-un-stage-a-letranger\/#primaryimage\"},\"image\":{\"@id\":\"https:\/\/itsra.net\/wordpress\/faire-un-stage-a-letranger\/#primaryimage\"},\"thumbnailUrl\":\"http:\/\/itsra.net\/wordpress\/wp-content\/uploads\/2021\/12\/cropped-logo-elisse-2-e1638451889807.jpg\",\"datePublished\":\"2019-02-20T15:21:11+00:00\",\"dateModified\":\"2022-10-26T12:19:12+00:00\",\"description\":\"L\u2019ITSRA encourage et accompagne les \u00e9tudiants \u00e0 vivre une exp\u00e9rience de stage et\/ou d\u2019\u00e9tudes \u00e0 l\u2019\u00e9tranger ou en dehors du territoire fran\u00e7ais m\u00e9tropolitain.\",\"breadcrumb\":{\"@id\":\"https:\/\/itsra.net\/wordpress\/faire-un-stage-a-letranger\/#breadcrumb\"},\"inLanguage\":\"fr-FR\",\"potentialAction\":[{\"@type\":\"ReadAction\",\"target\":[\"https:\/\/itsra.net\/wordpress\/faire-un-stage-a-letranger\/\"]}]},{\"@type\":\"ImageObject\",\"inLanguage\":\"fr-FR\",\"@id\":\"https:\/\/itsra.net\/wordpress\/faire-un-stage-a-letranger\/#primaryimage\",\"url\":\"https:\/\/itsra.net\/wordpress\/wp-content\/uploads\/2021\/12\/cropped-logo-elisse-2-e1638451889807.jpg\",\"contentUrl\":\"https:\/\/itsra.net\/wordpress\/wp-content\/uploads\/2021\/12\/cropped-logo-elisse-2-e1638451889807.jpg\",\"width\":100,\"height\":120},{\"@type\":\"BreadcrumbList\",\"@id\":\"https:\/\/itsra.net\/wordpress\/faire-un-stage-a-letranger\/#breadcrumb\",\"itemListElement\":[{\"@type\":\"ListItem\",\"position\":1,\"name\":\"Accueil\",\"item\":\"https:\/\/itsra.net\/wordpress\/\"},{\"@type\":\"ListItem\",\"position\":2,\"name\":\"Faire un stage \u00e0 l&rsquo;\u00e9tranger\"}]},{\"@type\":\"WebSite\",\"@id\":\"https:\/\/itsra.net\/wordpress\/#website\",\"url\":\"https:\/\/itsra.net\/wordpress\/\",\"name\":\"Institut de Travail Social de la R\u00e9gion Auvergne\",\"description\":\"\",\"publisher\":{\"@id\":\"https:\/\/itsra.net\/wordpress\/#organization\"},\"potentialAction\":[{\"@type\":\"SearchAction\",\"target\":{\"@type\":\"EntryPoint\",\"urlTemplate\":\"https:\/\/itsra.net\/wordpress\/?s={search_term_string}\"},\"query-input\":{\"@type\":\"PropertyValueSpecification\",\"valueRequired\":true,\"valueName\":\"search_term_string\"}}],\"inLanguage\":\"fr-FR\"},{\"@type\":\"Organization\",\"@id\":\"https:\/\/itsra.net\/wordpress\/#organization\",\"name\":\"Institut de Travail Social de la R\u00e9gion Auvergne\",\"url\":\"https:\/\/itsra.net\/wordpress\/\",\"logo\":{\"@type\":\"ImageObject\",\"inLanguage\":\"fr-FR\",\"@id\":\"https:\/\/itsra.net\/wordpress\/#\/schema\/logo\/image\/\",\"url\":\"http:\/\/itsra.net\/wordpress\/wp-content\/uploads\/2019\/01\/LogoITSRA_PNG_HD.png\",\"contentUrl\":\"http:\/\/itsra.net\/wordpress\/wp-content\/uploads\/2019\/01\/LogoITSRA_PNG_HD.png\",\"width\":1280,\"height\":346,\"caption\":\"Institut de Travail Social de la R\u00e9gion Auvergne\"},\"image\":{\"@id\":\"https:\/\/itsra.net\/wordpress\/#\/schema\/logo\/image\/\"}}]}<\/script>\n<!-- \/ Yoast SEO plugin. -->","yoast_head_json":{"title":"Faire un stage \u00e0 l'\u00e9tranger - Institut de Travail Social de la R\u00e9gion Auvergne","description":"L\u2019ITSRA encourage et accompagne les \u00e9tudiants \u00e0 vivre une exp\u00e9rience de stage et\/ou d\u2019\u00e9tudes \u00e0 l\u2019\u00e9tranger ou en dehors du territoire fran\u00e7ais m\u00e9tropolitain.","robots":{"index":"index","follow":"follow","max-snippet":"max-snippet:-1","max-image-preview":"max-image-preview:large","max-video-preview":"max-video-preview:-1"},"canonical":"https:\/\/itsra.net\/wordpress\/faire-un-stage-a-letranger\/","og_locale":"fr_FR","og_type":"article","og_title":"Faire un stage \u00e0 l'\u00e9tranger - Institut de Travail Social de la R\u00e9gion Auvergne","og_description":"L\u2019ITSRA encourage et accompagne les \u00e9tudiants \u00e0 vivre une exp\u00e9rience de stage et\/ou d\u2019\u00e9tudes \u00e0 l\u2019\u00e9tranger ou en dehors du territoire fran\u00e7ais m\u00e9tropolitain.","og_url":"https:\/\/itsra.net\/wordpress\/faire-un-stage-a-letranger\/","og_site_name":"Institut de Travail Social de la R\u00e9gion Auvergne","article_modified_time":"2022-10-26T12:19:12+00:00","og_image":[{"url":"http:\/\/itsra.net\/wordpress\/wp-content\/uploads\/2021\/12\/cropped-logo-elisse-2-e1638451889807.jpg","type":"","width":"","height":""}],"twitter_card":"summary_large_image","twitter_misc":{"Dur\u00e9e de lecture estim\u00e9e":"2 minutes"},"schema":{"@context":"https:\/\/schema.org","@graph":[{"@type":"WebPage","@id":"https:\/\/itsra.net\/wordpress\/faire-un-stage-a-letranger\/","url":"https:\/\/itsra.net\/wordpress\/faire-un-stage-a-letranger\/","name":"Faire un stage \u00e0 l'\u00e9tranger - Institut de Travail Social de la R\u00e9gion Auvergne","isPartOf":{"@id":"https:\/\/itsra.net\/wordpress\/#website"},"primaryImageOfPage":{"@id":"https:\/\/itsra.net\/wordpress\/faire-un-stage-a-letranger\/#primaryimage"},"image":{"@id":"https:\/\/itsra.net\/wordpress\/faire-un-stage-a-letranger\/#primaryimage"},"thumbnailUrl":"http:\/\/itsra.net\/wordpress\/wp-content\/uploads\/2021\/12\/cropped-logo-elisse-2-e1638451889807.jpg","datePublished":"2019-02-20T15:21:11+00:00","dateModified":"2022-10-26T12:19:12+00:00","description":"L\u2019ITSRA encourage et accompagne les \u00e9tudiants \u00e0 vivre une exp\u00e9rience de stage et\/ou d\u2019\u00e9tudes \u00e0 l\u2019\u00e9tranger ou en dehors du territoire fran\u00e7ais m\u00e9tropolitain.","breadcrumb":{"@id":"https:\/\/itsra.net\/wordpress\/faire-un-stage-a-letranger\/#breadcrumb"},"inLanguage":"fr-FR","potentialAction":[{"@type":"ReadAction","target":["https:\/\/itsra.net\/wordpress\/faire-un-stage-a-letranger\/"]}]},{"@type":"ImageObject","inLanguage":"fr-FR","@id":"https:\/\/itsra.net\/wordpress\/faire-un-stage-a-letranger\/#primaryimage","url":"https:\/\/itsra.net\/wordpress\/wp-content\/uploads\/2021\/12\/cropped-logo-elisse-2-e1638451889807.jpg","contentUrl":"https:\/\/itsra.net\/wordpress\/wp-content\/uploads\/2021\/12\/cropped-logo-elisse-2-e1638451889807.jpg","width":100,"height":120},{"@type":"BreadcrumbList","@id":"https:\/\/itsra.net\/wordpress\/faire-un-stage-a-letranger\/#breadcrumb","itemListElement":[{"@type":"ListItem","position":1,"name":"Accueil","item":"https:\/\/itsra.net\/wordpress\/"},{"@type":"ListItem","position":2,"name":"Faire un stage \u00e0 l&rsquo;\u00e9tranger"}]},{"@type":"WebSite","@id":"https:\/\/itsra.net\/wordpress\/#website","url":"https:\/\/itsra.net\/wordpress\/","name":"Institut de Travail Social de la R\u00e9gion Auvergne","description":"","publisher":{"@id":"https:\/\/itsra.net\/wordpress\/#organization"},"potentialAction":[{"@type":"SearchAction","target":{"@type":"EntryPoint","urlTemplate":"https:\/\/itsra.net\/wordpress\/?s={search_term_string}"},"query-input":{"@type":"PropertyValueSpecification","valueRequired":true,"valueName":"search_term_string"}}],"inLanguage":"fr-FR"},{"@type":"Organization","@id":"https:\/\/itsra.net\/wordpress\/#organization","name":"Institut de Travail Social de la R\u00e9gion Auvergne","url":"https:\/\/itsra.net\/wordpress\/","logo":{"@type":"ImageObject","inLanguage":"fr-FR","@id":"https:\/\/itsra.net\/wordpress\/#\/schema\/logo\/image\/","url":"http:\/\/itsra.net\/wordpress\/wp-content\/uploads\/2019\/01\/LogoITSRA_PNG_HD.png","contentUrl":"http:\/\/itsra.net\/wordpress\/wp-content\/uploads\/2019\/01\/LogoITSRA_PNG_HD.png","width":1280,"height":346,"caption":"Institut de Travail Social de la R\u00e9gion Auvergne"},"image":{"@id":"https:\/\/itsra.net\/wordpress\/#\/schema\/logo\/image\/"}}]}},"_links":{"self":[{"href":"https:\/\/itsra.net\/wordpress\/wp-json\/wp\/v2\/pages\/2611","targetHints":{"allow":["GET"]}}],"collection":[{"href":"https:\/\/itsra.net\/wordpress\/wp-json\/wp\/v2\/pages"}],"about":[{"href":"https:\/\/itsra.net\/wordpress\/wp-json\/wp\/v2\/types\/page"}],"author":[{"embeddable":true,"href":"https:\/\/itsra.net\/wordpress\/wp-json\/wp\/v2\/users\/3"}],"replies":[{"embeddable":true,"href":"https:\/\/itsra.net\/wordpress\/wp-json\/wp\/v2\/comments?post=2611"}],"version-history":[{"count":21,"href":"https:\/\/itsra.net\/wordpress\/wp-json\/wp\/v2\/pages\/2611\/revisions"}],"predecessor-version":[{"id":7130,"href":"https:\/\/itsra.net\/wordpress\/wp-json\/wp\/v2\/pages\/2611\/revisions\/7130"}],"wp:attachment":[{"href":"https:\/\/itsra.net\/wordpress\/wp-json\/wp\/v2\/media?parent=2611"}],"curies":[{"name":"wp","href":"https:\/\/api.w.org\/{rel}","templated":true}]}}