{"id":371,"date":"2018-07-04T16:18:33","date_gmt":"2018-07-04T14:18:33","guid":{"rendered":"http:\/\/itsra.net\/wordpress\/?page_id=371"},"modified":"2025-01-07T12:19:14","modified_gmt":"2025-01-07T11:19:14","slug":"projet-associatif-itsra","status":"publish","type":"page","link":"https:\/\/itsra.net\/wordpress\/projet-associatif-itsra\/","title":{"rendered":"Projet associatif"},"content":{"rendered":"<div data-label=\"Features\" data-id=\"features--1\" data-export-id=\"features-16-card-bordered\" data-category=\"features\" class=\"features-16-card-bordered content-section content-section-spacing\" id=\"features-1\" style=\"background-color: #ffffff; background-image: none;\">\r\n<div class=\"gridContainer\">\r\n<div class=\"row text-center\">\r\n<div class=\"section-title-col\" data-type=\"column\">\r\n<p class=\"lead\" style=\"text-align: justify;\">L\u2019Association ITSRA affirme sa responsabilit\u00e9 pleine et enti\u00e8re dans le pilotage et la gestion de l\u2019Institut du Travail Social en Auvergne qui dispense ses enseignements au 62 avenue Marx Dormoy \u00e0 Clermont- Ferrand, si\u00e8ge de l\u2019association et sur des sites externalis\u00e9s en r\u00e9gion dans le cadre de la plateforme URAFORIS et hors r\u00e9gion dans le cadre de l\u2019UNAFORIS. Elle entend, \u00e0 cette fin, collaborer \u00e0 la d\u00e9finition et \u00e0 la mise en \u0153uvre de la politique de formation au travail social avec l\u2019ensemble des acteurs politiques de la r\u00e9gion Auvergne Rh\u00f4ne Alpes : Etat, Conseil R\u00e9gional.<\/p>\r\n\r\n\r\nOutre ces missions premi\u00e8res, l\u2019association ITSRA a pour buts :\r\n\r\n\u2013 de donner aux \u00e9tudiants et aux stagiaires, les moyens de s\u2019approprier des comp\u00e9tences leur permettant de construire une \u00e9thique professionnelle\r\n\r\n\u2013 de d\u00e9velopper la r\u00e9flexion et la recherche sur les m\u00e9tiers, les pratiques, les formations et les questions sociales.\r\n\r\n&nbsp;\r\n\r\n&nbsp;\r\n\r\n<\/div>\r\n<\/div>\r\n<div class=\"row spaced-cols\" data-type=\"row\">\r\n<div class=\"col-xs-12 col-sm-6 col-md-12 \">\r\n<div class=\"card no-padding bordered y-move\">\r\n\r\n&nbsp;\r\n<div data-type=\"column\" class=\"col-padding-small col-padding-small-xs description-container\"><img decoding=\"async\" src=\"https:\/\/itsra.net\/wordpress\/wp-content\/uploads\/2019\/02\/cropped-devanture-itsra-Retouche-Fabien-1.png\" alt=\"\" class=\"aligncenter size-full wp-image-2140\" sizes=\"(max-width: 960px) 100vw, 960px\" title=\"cropped-devanture-itsra-Retouche-Fabien-1.png\" \/><\/div>\r\n<div data-type=\"column\" class=\"col-padding-small col-padding-small-xs read-more-container\"><\/div>\r\n<\/div>\r\n<\/div>\r\n<\/div>\r\n<\/div>\r\n<\/div>","protected":false},"excerpt":{"rendered":"<p>L\u2019Association ITSRA affirme sa responsabilit\u00e9 pleine et enti\u00e8re dans le pilotage et la gestion de l\u2019Institut du Travail Social en Auvergne qui dispense ses enseignements au 62 avenue Marx Dormoy \u00e0 Clermont- Ferrand, si\u00e8ge de l\u2019association et sur des sites externalis\u00e9s en r\u00e9gion dans le cadre de la plateforme URAFORIS et hors r\u00e9gion dans le&hellip; <br \/> <a class=\"read-more\" href=\"https:\/\/itsra.net\/wordpress\/projet-associatif-itsra\/\">Lire la suite<\/a><\/p>\n","protected":false},"author":2,"featured_media":0,"parent":0,"menu_order":0,"comment_status":"closed","ping_status":"closed","template":"pro\/page-templates\/full-width-page.php","meta":{"om_disable_all_campaigns":false,"_monsterinsights_skip_tracking":false,"_monsterinsights_sitenote_active":false,"_monsterinsights_sitenote_note":"","_monsterinsights_sitenote_category":0,"_uf_show_specific_survey":0,"_uf_disable_surveys":false,"footnotes":""},"class_list":["post-371","page","type-page","status-publish","hentry"],"aioseo_notices":[],"yoast_head":"<!-- This site is optimized with the Yoast SEO plugin v24.5 - https:\/\/yoast.com\/wordpress\/plugins\/seo\/ -->\n<title>Projet associatif - Institut de Travail Social de la R\u00e9gion Auvergne<\/title>\n<meta name=\"description\" content=\"L\u2019Association ITSRA affirme sa responsabilit\u00e9 pleine et enti\u00e8re dans le pilotage et la gestion de l\u2019Institut du Travail Social en Auvergne qui dispense ses enseignements au 62 avenue Marx Dormoy \u00e0 Clermont Ferrand.\" \/>\n<meta name=\"robots\" content=\"index, follow, max-snippet:-1, max-image-preview:large, max-video-preview:-1\" \/>\n<link rel=\"canonical\" href=\"https:\/\/itsra.net\/wordpress\/projet-associatif-itsra\/\" \/>\n<meta property=\"og:locale\" content=\"fr_FR\" \/>\n<meta property=\"og:type\" content=\"article\" \/>\n<meta property=\"og:title\" content=\"Projet associatif - Institut de Travail Social de la R\u00e9gion Auvergne\" \/>\n<meta property=\"og:description\" content=\"L\u2019Association ITSRA affirme sa responsabilit\u00e9 pleine et enti\u00e8re dans le pilotage et la gestion de l\u2019Institut du Travail Social en Auvergne qui dispense ses enseignements au 62 avenue Marx Dormoy \u00e0 Clermont Ferrand.\" \/>\n<meta property=\"og:url\" content=\"https:\/\/itsra.net\/wordpress\/projet-associatif-itsra\/\" \/>\n<meta property=\"og:site_name\" content=\"Institut de Travail Social de la R\u00e9gion Auvergne\" \/>\n<meta property=\"article:modified_time\" content=\"2025-01-07T11:19:14+00:00\" \/>\n<meta property=\"og:image\" content=\"https:\/\/itsra.net\/wordpress\/wp-content\/uploads\/2019\/02\/Apr\u00e8s-2.png\" \/>\n\t<meta property=\"og:image:width\" content=\"960\" \/>\n\t<meta property=\"og:image:height\" content=\"640\" \/>\n\t<meta property=\"og:image:type\" content=\"image\/png\" \/>\n<meta name=\"twitter:card\" content=\"summary_large_image\" \/>\n<meta name=\"twitter:label1\" content=\"Dur\u00e9e de lecture estim\u00e9e\" \/>\n\t<meta name=\"twitter:data1\" content=\"1 minute\" \/>\n<script type=\"application\/ld+json\" class=\"yoast-schema-graph\">{\"@context\":\"https:\/\/schema.org\",\"@graph\":[{\"@type\":\"WebPage\",\"@id\":\"https:\/\/itsra.net\/wordpress\/projet-associatif-itsra\/\",\"url\":\"https:\/\/itsra.net\/wordpress\/projet-associatif-itsra\/\",\"name\":\"Projet associatif - Institut de Travail Social de la R\u00e9gion Auvergne\",\"isPartOf\":{\"@id\":\"https:\/\/itsra.net\/wordpress\/#website\"},\"primaryImageOfPage\":{\"@id\":\"https:\/\/itsra.net\/wordpress\/projet-associatif-itsra\/#primaryimage\"},\"image\":{\"@id\":\"https:\/\/itsra.net\/wordpress\/projet-associatif-itsra\/#primaryimage\"},\"thumbnailUrl\":\"https:\/\/itsra.net\/wordpress\/wp-content\/uploads\/2019\/02\/cropped-devanture-itsra-Retouche-Fabien-1.png\",\"datePublished\":\"2018-07-04T14:18:33+00:00\",\"dateModified\":\"2025-01-07T11:19:14+00:00\",\"description\":\"L\u2019Association ITSRA affirme sa responsabilit\u00e9 pleine et enti\u00e8re dans le pilotage et la gestion de l\u2019Institut du Travail Social en Auvergne qui dispense ses enseignements au 62 avenue Marx Dormoy \u00e0 Clermont Ferrand.\",\"breadcrumb\":{\"@id\":\"https:\/\/itsra.net\/wordpress\/projet-associatif-itsra\/#breadcrumb\"},\"inLanguage\":\"fr-FR\",\"potentialAction\":[{\"@type\":\"ReadAction\",\"target\":[\"https:\/\/itsra.net\/wordpress\/projet-associatif-itsra\/\"]}]},{\"@type\":\"ImageObject\",\"inLanguage\":\"fr-FR\",\"@id\":\"https:\/\/itsra.net\/wordpress\/projet-associatif-itsra\/#primaryimage\",\"url\":\"https:\/\/itsra.net\/wordpress\/wp-content\/uploads\/2019\/02\/cropped-devanture-itsra-Retouche-Fabien-1.png\",\"contentUrl\":\"https:\/\/itsra.net\/wordpress\/wp-content\/uploads\/2019\/02\/cropped-devanture-itsra-Retouche-Fabien-1.png\",\"width\":960,\"height\":640},{\"@type\":\"BreadcrumbList\",\"@id\":\"https:\/\/itsra.net\/wordpress\/projet-associatif-itsra\/#breadcrumb\",\"itemListElement\":[{\"@type\":\"ListItem\",\"position\":1,\"name\":\"Accueil\",\"item\":\"https:\/\/itsra.net\/wordpress\/\"},{\"@type\":\"ListItem\",\"position\":2,\"name\":\"Projet associatif\"}]},{\"@type\":\"WebSite\",\"@id\":\"https:\/\/itsra.net\/wordpress\/#website\",\"url\":\"https:\/\/itsra.net\/wordpress\/\",\"name\":\"Institut de Travail Social de la R\u00e9gion Auvergne\",\"description\":\"\",\"publisher\":{\"@id\":\"https:\/\/itsra.net\/wordpress\/#organization\"},\"potentialAction\":[{\"@type\":\"SearchAction\",\"target\":{\"@type\":\"EntryPoint\",\"urlTemplate\":\"https:\/\/itsra.net\/wordpress\/?s={search_term_string}\"},\"query-input\":{\"@type\":\"PropertyValueSpecification\",\"valueRequired\":true,\"valueName\":\"search_term_string\"}}],\"inLanguage\":\"fr-FR\"},{\"@type\":\"Organization\",\"@id\":\"https:\/\/itsra.net\/wordpress\/#organization\",\"name\":\"Institut de Travail Social de la R\u00e9gion Auvergne\",\"url\":\"https:\/\/itsra.net\/wordpress\/\",\"logo\":{\"@type\":\"ImageObject\",\"inLanguage\":\"fr-FR\",\"@id\":\"https:\/\/itsra.net\/wordpress\/#\/schema\/logo\/image\/\",\"url\":\"http:\/\/itsra.net\/wordpress\/wp-content\/uploads\/2019\/01\/LogoITSRA_PNG_HD.png\",\"contentUrl\":\"http:\/\/itsra.net\/wordpress\/wp-content\/uploads\/2019\/01\/LogoITSRA_PNG_HD.png\",\"width\":1280,\"height\":346,\"caption\":\"Institut de Travail Social de la R\u00e9gion Auvergne\"},\"image\":{\"@id\":\"https:\/\/itsra.net\/wordpress\/#\/schema\/logo\/image\/\"}}]}<\/script>\n<!-- \/ Yoast SEO plugin. -->","yoast_head_json":{"title":"Projet associatif - Institut de Travail Social de la R\u00e9gion Auvergne","description":"L\u2019Association ITSRA affirme sa responsabilit\u00e9 pleine et enti\u00e8re dans le pilotage et la gestion de l\u2019Institut du Travail Social en Auvergne qui dispense ses enseignements au 62 avenue Marx Dormoy \u00e0 Clermont Ferrand.","robots":{"index":"index","follow":"follow","max-snippet":"max-snippet:-1","max-image-preview":"max-image-preview:large","max-video-preview":"max-video-preview:-1"},"canonical":"https:\/\/itsra.net\/wordpress\/projet-associatif-itsra\/","og_locale":"fr_FR","og_type":"article","og_title":"Projet associatif - Institut de Travail Social de la R\u00e9gion Auvergne","og_description":"L\u2019Association ITSRA affirme sa responsabilit\u00e9 pleine et enti\u00e8re dans le pilotage et la gestion de l\u2019Institut du Travail Social en Auvergne qui dispense ses enseignements au 62 avenue Marx Dormoy \u00e0 Clermont Ferrand.","og_url":"https:\/\/itsra.net\/wordpress\/projet-associatif-itsra\/","og_site_name":"Institut de Travail Social de la R\u00e9gion Auvergne","article_modified_time":"2025-01-07T11:19:14+00:00","og_image":[{"width":960,"height":640,"url":"https:\/\/itsra.net\/wordpress\/wp-content\/uploads\/2019\/02\/Apr\u00e8s-2.png","type":"image\/png"}],"twitter_card":"summary_large_image","twitter_misc":{"Dur\u00e9e de lecture estim\u00e9e":"1 minute"},"schema":{"@context":"https:\/\/schema.org","@graph":[{"@type":"WebPage","@id":"https:\/\/itsra.net\/wordpress\/projet-associatif-itsra\/","url":"https:\/\/itsra.net\/wordpress\/projet-associatif-itsra\/","name":"Projet associatif - Institut de Travail Social de la R\u00e9gion Auvergne","isPartOf":{"@id":"https:\/\/itsra.net\/wordpress\/#website"},"primaryImageOfPage":{"@id":"https:\/\/itsra.net\/wordpress\/projet-associatif-itsra\/#primaryimage"},"image":{"@id":"https:\/\/itsra.net\/wordpress\/projet-associatif-itsra\/#primaryimage"},"thumbnailUrl":"https:\/\/itsra.net\/wordpress\/wp-content\/uploads\/2019\/02\/cropped-devanture-itsra-Retouche-Fabien-1.png","datePublished":"2018-07-04T14:18:33+00:00","dateModified":"2025-01-07T11:19:14+00:00","description":"L\u2019Association ITSRA affirme sa responsabilit\u00e9 pleine et enti\u00e8re dans le pilotage et la gestion de l\u2019Institut du Travail Social en Auvergne qui dispense ses enseignements au 62 avenue Marx Dormoy \u00e0 Clermont Ferrand.","breadcrumb":{"@id":"https:\/\/itsra.net\/wordpress\/projet-associatif-itsra\/#breadcrumb"},"inLanguage":"fr-FR","potentialAction":[{"@type":"ReadAction","target":["https:\/\/itsra.net\/wordpress\/projet-associatif-itsra\/"]}]},{"@type":"ImageObject","inLanguage":"fr-FR","@id":"https:\/\/itsra.net\/wordpress\/projet-associatif-itsra\/#primaryimage","url":"https:\/\/itsra.net\/wordpress\/wp-content\/uploads\/2019\/02\/cropped-devanture-itsra-Retouche-Fabien-1.png","contentUrl":"https:\/\/itsra.net\/wordpress\/wp-content\/uploads\/2019\/02\/cropped-devanture-itsra-Retouche-Fabien-1.png","width":960,"height":640},{"@type":"BreadcrumbList","@id":"https:\/\/itsra.net\/wordpress\/projet-associatif-itsra\/#breadcrumb","itemListElement":[{"@type":"ListItem","position":1,"name":"Accueil","item":"https:\/\/itsra.net\/wordpress\/"},{"@type":"ListItem","position":2,"name":"Projet associatif"}]},{"@type":"WebSite","@id":"https:\/\/itsra.net\/wordpress\/#website","url":"https:\/\/itsra.net\/wordpress\/","name":"Institut de Travail Social de la R\u00e9gion Auvergne","description":"","publisher":{"@id":"https:\/\/itsra.net\/wordpress\/#organization"},"potentialAction":[{"@type":"SearchAction","target":{"@type":"EntryPoint","urlTemplate":"https:\/\/itsra.net\/wordpress\/?s={search_term_string}"},"query-input":{"@type":"PropertyValueSpecification","valueRequired":true,"valueName":"search_term_string"}}],"inLanguage":"fr-FR"},{"@type":"Organization","@id":"https:\/\/itsra.net\/wordpress\/#organization","name":"Institut de Travail Social de la R\u00e9gion Auvergne","url":"https:\/\/itsra.net\/wordpress\/","logo":{"@type":"ImageObject","inLanguage":"fr-FR","@id":"https:\/\/itsra.net\/wordpress\/#\/schema\/logo\/image\/","url":"http:\/\/itsra.net\/wordpress\/wp-content\/uploads\/2019\/01\/LogoITSRA_PNG_HD.png","contentUrl":"http:\/\/itsra.net\/wordpress\/wp-content\/uploads\/2019\/01\/LogoITSRA_PNG_HD.png","width":1280,"height":346,"caption":"Institut de Travail Social de la R\u00e9gion Auvergne"},"image":{"@id":"https:\/\/itsra.net\/wordpress\/#\/schema\/logo\/image\/"}}]}},"_links":{"self":[{"href":"https:\/\/itsra.net\/wordpress\/wp-json\/wp\/v2\/pages\/371","targetHints":{"allow":["GET"]}}],"collection":[{"href":"https:\/\/itsra.net\/wordpress\/wp-json\/wp\/v2\/pages"}],"about":[{"href":"https:\/\/itsra.net\/wordpress\/wp-json\/wp\/v2\/types\/page"}],"author":[{"embeddable":true,"href":"https:\/\/itsra.net\/wordpress\/wp-json\/wp\/v2\/users\/2"}],"replies":[{"embeddable":true,"href":"https:\/\/itsra.net\/wordpress\/wp-json\/wp\/v2\/comments?post=371"}],"version-history":[{"count":30,"href":"https:\/\/itsra.net\/wordpress\/wp-json\/wp\/v2\/pages\/371\/revisions"}],"predecessor-version":[{"id":11787,"href":"https:\/\/itsra.net\/wordpress\/wp-json\/wp\/v2\/pages\/371\/revisions\/11787"}],"wp:attachment":[{"href":"https:\/\/itsra.net\/wordpress\/wp-json\/wp\/v2\/media?parent=371"}],"curies":[{"name":"wp","href":"https:\/\/api.w.org\/{rel}","templated":true}]}}