{"id":5616,"date":"2021-09-20T15:25:54","date_gmt":"2021-09-20T13:25:54","guid":{"rendered":"http:\/\/itsra.net\/wordpress\/?page_id=5616"},"modified":"2023-09-29T10:18:43","modified_gmt":"2023-09-29T08:18:43","slug":"handicap","status":"publish","type":"page","link":"https:\/\/itsra.net\/wordpress\/handicap\/","title":{"rendered":"Handicap"},"content":{"rendered":"<div  data-label=\"Features\" data-id=\"features--1\" data-export-id=\"features-12-card-bordered\" data-category=\"features\" class=\"features-12-card-bordered content-section content-section-spacing\" id=\"features-1\" style=\"background-color: rgb(255, 255, 255); background-image: none;\"><div  class=\"gridContainer\"> <div  class=\"row text-center\"><div  class=\"section-title-col\" data-type=\"column\"> <h2  class=\"\">L\u2019ITSRA applique les dispositions en mati\u00e8re d\u2019accessibilit\u00e9 et mobilise les ressources et r\u00e9seaux n\u00e9cessaires pour accueillir, accompagner et adapter le parcours de formation des personnes en situation de handicap.<\/h2> <p  class=\"lead\"><\/p><\/div> <\/div> <div  class=\"row spaced-cols\" data-type=\"row\">    <div  class=\"col-sm-6 col-md-6 \"> <div  class=\"card row-card bordered y-move\"> <div  class=\"row\"> <div  class=\"col-sm-fit icon-column\"> <i  class=\"fa icon fa-info-circle bordered round color2\"><\/i> <\/div> <div  class=\"col-sm\" data-type=\"column\"> <h5  class=\"color2\">QUE DIT LA LEGISLATION ?<\/h5> <p  class=\"\" style=\"text-align: justify;\">La <span  style=\"font-weight: 700;\">loi du 11 f\u00e9vrier 2005<\/span> pose le principe selon lequel \u00ab toute personne handicap\u00e9e a droit \u00e0 la solidarit\u00e9 de l\u2019ensemble de la collectivit\u00e9 nationale, qui lui garantit, en vertu de cette obligation, l\u2019acc\u00e8s aux droits fondamentaux reconnus \u00e0 tous les citoyens ainsi que le plein exercice de sa citoyennet\u00e9 \u00bb.\n<br ><br >\nPour y parvenir, la loi d\u00e9finit une politique du handicap qui s\u2019inscrit autour de deux axes :\n<br ><br >\u2013&nbsp; L\u2019accessibilit\u00e9 universelle qui, selon le principe de \u00ab l\u2019acc\u00e8s \u00e0 tout pour tous \u00bb, vise \u00e0 permettre, de mani\u00e8re prioritaire, l\u2019acc\u00e8s des personnes handicap\u00e9es au droit commun par la prise en compte du handicap dans l\u2019ensemble des politiques sectorielles,\n<br ><br >\u2013&nbsp; La compensation individuelle des cons\u00e9quences du handicap, qui vise \u00e0 apporter des r\u00e9ponses adapt\u00e9es aux besoins de chaque personne, sur la base de son projet de vie.\n<br ><br >\nNous nous appuyons sur cette l\u00e9gislation pour mettre en \u0153uvre les conditions n\u00e9cessaires au bon d\u00e9roulement de votre formation.\n<\/p><\/div> <\/div><\/div> <\/div><div  class=\"col-sm-6 col-md-6\"> <div  class=\"card row-card bordered y-move\"> <div  class=\"row\"> <div  class=\"col-sm-fit icon-column\"> <i  class=\"fa icon fa-address-book bordered round color2\"><\/i> <\/div> <div  class=\"col-sm\" data-type=\"column\"> <h5  class=\"color2\">NOS PARTENAIRES<\/h5> <p  class=\"\" style=\"text-align: justify;\"><span  style=\"font-weight: 700;\">Nous d\u00e9veloppons des partenariats afin d\u2019optimiser votre prise en charge&nbsp;:<\/span><br >\u2013&nbsp; &nbsp;HANDI-SUP,<br >\u2013&nbsp; &nbsp;SSU&nbsp;: Service de Sant\u00e9 Universitaire de Clermont Ferrand,<br >\u2013&nbsp; &nbsp;SUH&nbsp;: Service Universit\u00e9 Handicap,<br >\u2013&nbsp; CONSEIL DEPARTEMENTAL \u2013 Prise en charge des trajets pour l\u2019\u00e9tudiant,<br >\u2013&nbsp; &nbsp;MDPH&nbsp;\u2013 Soutien technique,<br >\u2013&nbsp; AGEFIPH \u2013 Prise en charge d\u2019\u00e9ventuels moyens de compensation,<br >\u2013&nbsp; URAPEDA \u2013 Insertion et autonomie des personnes sourdes et malentendantes,<br >\u2013 L\u2019ASSOCIATION HANDI-PLACE \u2013 P\u00f4le de la formation professionnelle des personnes handicap\u00e9es &amp; Homologues Responsables Qualit\u00e9 des Centres ayant d\u00e9j\u00e0 obtenu le label R\u00e9seau Handicap Organismes de Formation.\n<br ><br >\n<span  style=\"font-weight: 700;\">Nous souhaitons, avec la collaboration de nos partenaires&nbsp;:<\/span><br >\u2013&nbsp; Permettre un accueil de qualit\u00e9 pour chaque apprenant en situation de handicap, le plus en amont possible de l\u2019acc\u00e8s \u00e0 la formation,<br >\u2013&nbsp; Veiller \u00e0 l\u2019adaptation du parcours de votre formation \u00e0 votre situation de handicap.<\/p><\/div> <\/div><\/div> <\/div><\/div> <\/div><\/div><div  data-label=\"Features\" data-id=\"features--3\" data-export-id=\"features-12-card-bordered\" data-category=\"features\" class=\"features-12-card-bordered content-section content-section-spacing\" id=\"features-3\" style=\"background-color: rgb(255, 255, 255); background-image: none;\"><div  class=\"gridContainer\"> <div  class=\"row text-center\"><div  class=\"section-title-col\" data-type=\"column\">  <\/div> <\/div> <div  class=\"row spaced-cols\" data-type=\"row\"> <div  class=\"col-sm-6 col-md-12 \"> <div  class=\"card row-card bordered y-move\"> <div  class=\"row\"> <div  class=\"col-sm-fit icon-column\" data-preview-empty=\"1\">  <\/div> <div  class=\"col-sm\" data-type=\"column\"> <h5  class=\"color2\"><span  style=\"font-family: &quot;Open Sans&quot;, arial, helvetica, sans-serif;\">L\u2019ITSRA, dans le cadre de la mise en accessibilit\u00e9 de l\u2019\u00e9tablissement dispose de fa\u00e7on non exhaustive, de :<\/span><\/h5> <p  class=\"\">\u2013 Places de stationnement face \u00e0 l\u2019institut<br >\n\u2013 Acc\u00e8s banque accueil et centre de ressources documentaire<br >\n\u2013 Acc\u00e8s \u00e0 au moins un bureau par \u00e9tage (largeur de porte)<br >\n\u2013 Escaliers avec mains courantes, bandes podotactiles et nez de marches contrast\u00e9es<br >\n\u2013 Eclairage dans les escaliers et circulations avec flux continu et valeurs recommand\u00e9es<br >\n\u2013 Cr\u00e9ation ou mise au norme WC PMR (\u00e0 chaque niveau)<br >\n\u2013 Mise en conformit\u00e9 de l\u2019ascenseur (synth\u00e8se vocale et indicateur de palier)<br >\n\u2013 Flash lumineux dans tous les WC pour \u00e9vacuation incendie<br >\n\u2013 Main courantes, bandes podotactiles et nez de marches contrast\u00e9es dans la cafeteria et le jardin (espace fumeur)<br ><br >\n<span  style=\"font-style: italic;\">Certificat d\u2019enregistrement aupr\u00e8s du registre l\u00e9gal d\u2019accessibilit\u00e9 N\u00b065297453721<\/span><\/p><\/div> <\/div><\/div> <\/div>   <\/div> <\/div><\/div><div  data-label=\"Features\" data-id=\"features--2\" data-export-id=\"features-12-card-bordered\" data-category=\"features\" class=\"features-12-card-bordered content-section content-section-spacing\" id=\"features-2\" style=\"background-color: rgb(255, 255, 255); background-image: none;\"><div  class=\"gridContainer\"> <div  class=\"row text-center\"><div  class=\"section-title-col\" data-type=\"column\">  <\/div> <\/div> <div  class=\"row spaced-cols\" data-type=\"row\">    <div  class=\"col-sm-6 col-md-12 \"> <div  class=\"card row-card bordered y-move\"> <div  class=\"row\"> <div  class=\"col-sm-fit icon-column\" data-preview-empty=\"1\">  <\/div> <div  class=\"col-sm\" data-type=\"column\">  <p  class=\"\"><span  style=\"font-weight: 700; color: rgb(255, 152, 0);\">Vous entrez \u00e0 l\u2019ITSRA et vous \u00eates en situation de handicap ?\n<\/span><br >La directrice des formations et la r\u00e9f\u00e9rente handicap de l\u2019\u00e9tablissement seront \u00e0 votre disposition, pour envisager toutes <span  id=\"_mce_caret\" data-mce-bogus=\"1\" data-mce-type=\"format-caret\"><span  style=\"color: rgb(255, 152, 0);\">\ufeff<\/span><\/span>dispositions n\u00e9cessaires \u00e0 une scolarit\u00e9 adapt\u00e9e.<\/p><\/div> <\/div><\/div> <\/div><\/div> <\/div><\/div><div  data-label=\"Team\" data-id=\"team--1\" data-export-id=\"team-5\" data-category=\"team\" class=\"team-5 content-section content-section-spacing\" id=\"team-1\" style=\"background-color: rgb(255, 255, 255);\"><div  class=\"gridContainer\"> <div  class=\"row text-center\"><div  class=\"section-title-col\" data-type=\"column\">  <\/div> <\/div> <div  class=\"row spaced-cols content-center-sm center-sm\" data-type=\"row\">  <div  class=\"col-xs-12 col-sm-6 col-md-3 col-padding\"> <div  class=\"row \"> <div  data-type=\"column\" class=\"col-xs-12 col-sm-12\"> <img  decoding=\"async\" class=\"round face\" src=\"https:\/\/itsra.net\/wordpress\/wp-content\/uploads\/2023\/09\/cropped-Icone-Handi.png\" alt=\"\" title=\"cropped-Icone-Handi.png\"> <h4  class=\"font-500\"><span  style=\"font-weight: 700;\">Anne MAZAIRAT<\/span><\/h4> <p  class=\"italic\">R\u00e9f\u00e9rente handicap<\/p> <p  class=\"\">04 73 17 04 33\n<br ><a data-mce-href=\"mailto:referent.handicap@itsra.net\" href=\"mailto:referent.handicap@itsra.net\" target=\"_blank\" rel=\"noopener\" data-mce-selected=\"inline-boundary\" data-cp-link=\"1\">referent.handicap@itsra.net<\/a><\/p>  <\/div><\/div> <\/div>      <\/div> <\/div><\/div>","protected":false},"excerpt":{"rendered":"<p>L\u2019ITSRA applique les dispositions en mati\u00e8re d\u2019accessibilit\u00e9 et mobilise les ressources et r\u00e9seaux n\u00e9cessaires pour accueillir, accompagner et adapter le parcours de formation des personnes en situation de handicap. QUE DIT LA LEGISLATION ? La loi du 11 f\u00e9vrier 2005 pose le principe selon lequel \u00ab toute personne handicap\u00e9e a droit \u00e0 la solidarit\u00e9 de&hellip; <br \/> <a class=\"read-more\" href=\"https:\/\/itsra.net\/wordpress\/handicap\/\">Lire la suite<\/a><\/p>\n","protected":false},"author":3,"featured_media":0,"parent":0,"menu_order":0,"comment_status":"closed","ping_status":"closed","template":"pro\/page-templates\/full-width-page.php","meta":{"om_disable_all_campaigns":false,"_monsterinsights_skip_tracking":false,"_monsterinsights_sitenote_active":false,"_monsterinsights_sitenote_note":"","_monsterinsights_sitenote_category":0,"_uf_show_specific_survey":0,"_uf_disable_surveys":false,"footnotes":""},"class_list":["post-5616","page","type-page","status-publish","hentry"],"aioseo_notices":[],"yoast_head":"<!-- This site is optimized with the Yoast SEO plugin v24.5 - https:\/\/yoast.com\/wordpress\/plugins\/seo\/ -->\n<title>Handicap - Institut de Travail Social de la R\u00e9gion Auvergne<\/title>\n<meta name=\"robots\" content=\"index, follow, max-snippet:-1, max-image-preview:large, max-video-preview:-1\" \/>\n<link rel=\"canonical\" href=\"https:\/\/itsra.net\/wordpress\/handicap\/\" \/>\n<meta property=\"og:locale\" content=\"fr_FR\" \/>\n<meta property=\"og:type\" content=\"article\" \/>\n<meta property=\"og:title\" content=\"Handicap - Institut de Travail Social de la R\u00e9gion Auvergne\" \/>\n<meta property=\"og:description\" content=\"L\u2019ITSRA applique les dispositions en mati\u00e8re d\u2019accessibilit\u00e9 et mobilise les ressources et r\u00e9seaux n\u00e9cessaires pour accueillir, accompagner et adapter le parcours de formation des personnes en situation de handicap. QUE DIT LA LEGISLATION ? La loi du 11 f\u00e9vrier 2005 pose le principe selon lequel \u00ab toute personne handicap\u00e9e a droit \u00e0 la solidarit\u00e9 de&hellip; Lire la suite\" \/>\n<meta property=\"og:url\" content=\"https:\/\/itsra.net\/wordpress\/handicap\/\" \/>\n<meta property=\"og:site_name\" content=\"Institut de Travail Social de la R\u00e9gion Auvergne\" \/>\n<meta property=\"article:modified_time\" content=\"2023-09-29T08:18:43+00:00\" \/>\n<meta property=\"og:image\" content=\"https:\/\/itsra.net\/wordpress\/wp-content\/uploads\/2023\/09\/cropped-Icone-Handi.png\" \/>\n<meta name=\"twitter:card\" content=\"summary_large_image\" \/>\n<meta name=\"twitter:label1\" content=\"Dur\u00e9e de lecture estim\u00e9e\" \/>\n\t<meta name=\"twitter:data1\" content=\"3 minutes\" \/>\n<script type=\"application\/ld+json\" class=\"yoast-schema-graph\">{\"@context\":\"https:\/\/schema.org\",\"@graph\":[{\"@type\":\"WebPage\",\"@id\":\"https:\/\/itsra.net\/wordpress\/handicap\/\",\"url\":\"https:\/\/itsra.net\/wordpress\/handicap\/\",\"name\":\"Handicap - Institut de Travail Social de la R\u00e9gion Auvergne\",\"isPartOf\":{\"@id\":\"https:\/\/itsra.net\/wordpress\/#website\"},\"primaryImageOfPage\":{\"@id\":\"https:\/\/itsra.net\/wordpress\/handicap\/#primaryimage\"},\"image\":{\"@id\":\"https:\/\/itsra.net\/wordpress\/handicap\/#primaryimage\"},\"thumbnailUrl\":\"https:\/\/itsra.net\/wordpress\/wp-content\/uploads\/2023\/09\/cropped-Icone-Handi.png\",\"datePublished\":\"2021-09-20T13:25:54+00:00\",\"dateModified\":\"2023-09-29T08:18:43+00:00\",\"breadcrumb\":{\"@id\":\"https:\/\/itsra.net\/wordpress\/handicap\/#breadcrumb\"},\"inLanguage\":\"fr-FR\",\"potentialAction\":[{\"@type\":\"ReadAction\",\"target\":[\"https:\/\/itsra.net\/wordpress\/handicap\/\"]}]},{\"@type\":\"ImageObject\",\"inLanguage\":\"fr-FR\",\"@id\":\"https:\/\/itsra.net\/wordpress\/handicap\/#primaryimage\",\"url\":\"https:\/\/itsra.net\/wordpress\/wp-content\/uploads\/2023\/09\/cropped-Icone-Handi.png\",\"contentUrl\":\"https:\/\/itsra.net\/wordpress\/wp-content\/uploads\/2023\/09\/cropped-Icone-Handi.png\",\"width\":796,\"height\":796},{\"@type\":\"BreadcrumbList\",\"@id\":\"https:\/\/itsra.net\/wordpress\/handicap\/#breadcrumb\",\"itemListElement\":[{\"@type\":\"ListItem\",\"position\":1,\"name\":\"Accueil\",\"item\":\"https:\/\/itsra.net\/wordpress\/\"},{\"@type\":\"ListItem\",\"position\":2,\"name\":\"Handicap\"}]},{\"@type\":\"WebSite\",\"@id\":\"https:\/\/itsra.net\/wordpress\/#website\",\"url\":\"https:\/\/itsra.net\/wordpress\/\",\"name\":\"Institut de Travail Social de la R\u00e9gion Auvergne\",\"description\":\"\",\"publisher\":{\"@id\":\"https:\/\/itsra.net\/wordpress\/#organization\"},\"potentialAction\":[{\"@type\":\"SearchAction\",\"target\":{\"@type\":\"EntryPoint\",\"urlTemplate\":\"https:\/\/itsra.net\/wordpress\/?s={search_term_string}\"},\"query-input\":{\"@type\":\"PropertyValueSpecification\",\"valueRequired\":true,\"valueName\":\"search_term_string\"}}],\"inLanguage\":\"fr-FR\"},{\"@type\":\"Organization\",\"@id\":\"https:\/\/itsra.net\/wordpress\/#organization\",\"name\":\"Institut de Travail Social de la R\u00e9gion Auvergne\",\"url\":\"https:\/\/itsra.net\/wordpress\/\",\"logo\":{\"@type\":\"ImageObject\",\"inLanguage\":\"fr-FR\",\"@id\":\"https:\/\/itsra.net\/wordpress\/#\/schema\/logo\/image\/\",\"url\":\"http:\/\/itsra.net\/wordpress\/wp-content\/uploads\/2019\/01\/LogoITSRA_PNG_HD.png\",\"contentUrl\":\"http:\/\/itsra.net\/wordpress\/wp-content\/uploads\/2019\/01\/LogoITSRA_PNG_HD.png\",\"width\":1280,\"height\":346,\"caption\":\"Institut de Travail Social de la R\u00e9gion Auvergne\"},\"image\":{\"@id\":\"https:\/\/itsra.net\/wordpress\/#\/schema\/logo\/image\/\"}}]}<\/script>\n<!-- \/ Yoast SEO plugin. -->","yoast_head_json":{"title":"Handicap - Institut de Travail Social de la R\u00e9gion Auvergne","robots":{"index":"index","follow":"follow","max-snippet":"max-snippet:-1","max-image-preview":"max-image-preview:large","max-video-preview":"max-video-preview:-1"},"canonical":"https:\/\/itsra.net\/wordpress\/handicap\/","og_locale":"fr_FR","og_type":"article","og_title":"Handicap - Institut de Travail Social de la R\u00e9gion Auvergne","og_description":"L\u2019ITSRA applique les dispositions en mati\u00e8re d\u2019accessibilit\u00e9 et mobilise les ressources et r\u00e9seaux n\u00e9cessaires pour accueillir, accompagner et adapter le parcours de formation des personnes en situation de handicap. QUE DIT LA LEGISLATION ? La loi du 11 f\u00e9vrier 2005 pose le principe selon lequel \u00ab toute personne handicap\u00e9e a droit \u00e0 la solidarit\u00e9 de&hellip; Lire la suite","og_url":"https:\/\/itsra.net\/wordpress\/handicap\/","og_site_name":"Institut de Travail Social de la R\u00e9gion Auvergne","article_modified_time":"2023-09-29T08:18:43+00:00","og_image":[{"url":"https:\/\/itsra.net\/wordpress\/wp-content\/uploads\/2023\/09\/cropped-Icone-Handi.png","type":"","width":"","height":""}],"twitter_card":"summary_large_image","twitter_misc":{"Dur\u00e9e de lecture estim\u00e9e":"3 minutes"},"schema":{"@context":"https:\/\/schema.org","@graph":[{"@type":"WebPage","@id":"https:\/\/itsra.net\/wordpress\/handicap\/","url":"https:\/\/itsra.net\/wordpress\/handicap\/","name":"Handicap - Institut de Travail Social de la R\u00e9gion Auvergne","isPartOf":{"@id":"https:\/\/itsra.net\/wordpress\/#website"},"primaryImageOfPage":{"@id":"https:\/\/itsra.net\/wordpress\/handicap\/#primaryimage"},"image":{"@id":"https:\/\/itsra.net\/wordpress\/handicap\/#primaryimage"},"thumbnailUrl":"https:\/\/itsra.net\/wordpress\/wp-content\/uploads\/2023\/09\/cropped-Icone-Handi.png","datePublished":"2021-09-20T13:25:54+00:00","dateModified":"2023-09-29T08:18:43+00:00","breadcrumb":{"@id":"https:\/\/itsra.net\/wordpress\/handicap\/#breadcrumb"},"inLanguage":"fr-FR","potentialAction":[{"@type":"ReadAction","target":["https:\/\/itsra.net\/wordpress\/handicap\/"]}]},{"@type":"ImageObject","inLanguage":"fr-FR","@id":"https:\/\/itsra.net\/wordpress\/handicap\/#primaryimage","url":"https:\/\/itsra.net\/wordpress\/wp-content\/uploads\/2023\/09\/cropped-Icone-Handi.png","contentUrl":"https:\/\/itsra.net\/wordpress\/wp-content\/uploads\/2023\/09\/cropped-Icone-Handi.png","width":796,"height":796},{"@type":"BreadcrumbList","@id":"https:\/\/itsra.net\/wordpress\/handicap\/#breadcrumb","itemListElement":[{"@type":"ListItem","position":1,"name":"Accueil","item":"https:\/\/itsra.net\/wordpress\/"},{"@type":"ListItem","position":2,"name":"Handicap"}]},{"@type":"WebSite","@id":"https:\/\/itsra.net\/wordpress\/#website","url":"https:\/\/itsra.net\/wordpress\/","name":"Institut de Travail Social de la R\u00e9gion Auvergne","description":"","publisher":{"@id":"https:\/\/itsra.net\/wordpress\/#organization"},"potentialAction":[{"@type":"SearchAction","target":{"@type":"EntryPoint","urlTemplate":"https:\/\/itsra.net\/wordpress\/?s={search_term_string}"},"query-input":{"@type":"PropertyValueSpecification","valueRequired":true,"valueName":"search_term_string"}}],"inLanguage":"fr-FR"},{"@type":"Organization","@id":"https:\/\/itsra.net\/wordpress\/#organization","name":"Institut de Travail Social de la R\u00e9gion Auvergne","url":"https:\/\/itsra.net\/wordpress\/","logo":{"@type":"ImageObject","inLanguage":"fr-FR","@id":"https:\/\/itsra.net\/wordpress\/#\/schema\/logo\/image\/","url":"http:\/\/itsra.net\/wordpress\/wp-content\/uploads\/2019\/01\/LogoITSRA_PNG_HD.png","contentUrl":"http:\/\/itsra.net\/wordpress\/wp-content\/uploads\/2019\/01\/LogoITSRA_PNG_HD.png","width":1280,"height":346,"caption":"Institut de Travail Social de la R\u00e9gion Auvergne"},"image":{"@id":"https:\/\/itsra.net\/wordpress\/#\/schema\/logo\/image\/"}}]}},"_links":{"self":[{"href":"https:\/\/itsra.net\/wordpress\/wp-json\/wp\/v2\/pages\/5616","targetHints":{"allow":["GET"]}}],"collection":[{"href":"https:\/\/itsra.net\/wordpress\/wp-json\/wp\/v2\/pages"}],"about":[{"href":"https:\/\/itsra.net\/wordpress\/wp-json\/wp\/v2\/types\/page"}],"author":[{"embeddable":true,"href":"https:\/\/itsra.net\/wordpress\/wp-json\/wp\/v2\/users\/3"}],"replies":[{"embeddable":true,"href":"https:\/\/itsra.net\/wordpress\/wp-json\/wp\/v2\/comments?post=5616"}],"version-history":[{"count":11,"href":"https:\/\/itsra.net\/wordpress\/wp-json\/wp\/v2\/pages\/5616\/revisions"}],"predecessor-version":[{"id":9909,"href":"https:\/\/itsra.net\/wordpress\/wp-json\/wp\/v2\/pages\/5616\/revisions\/9909"}],"wp:attachment":[{"href":"https:\/\/itsra.net\/wordpress\/wp-json\/wp\/v2\/media?parent=5616"}],"curies":[{"name":"wp","href":"https:\/\/api.w.org\/{rel}","templated":true}]}}